vided by 78.
74
What is the remainder when 199 is divided by 71?
57
Calculate the remainder when 1142 is divided by 243.
170
Calculate the remainder when 84 is divided by 3.
0
What is the remainder when 11011 is divided by 54?
49
What is the remainder when 278 is divided by 216?
62
Calculate the remainder when 296 is divided by 76.
68
What is the remainder when 291 is divided by 42?
39
Calculate the remainder when 871 is divided by 41.
10
Calculate the remainder when 4070 is divided by 95.
80
What is the remainder when 95 is divided by 14?
11
Calculate the remainder when 3231 is divided by 154.
151
What is the remainder when 354 is divided by 177?
0
What is the remainder when 10 is divided by 7?
3
What is the remainder when 48 is divided by 7?
6
Calculate the remainder when 3683 is divided by 12.
11
What is the remainder when 245 is divided by 79?
8
What is the remainder when 62 is divided by 40?
22
Calculate the remainder when 99 is divided by 65.
34
Calculate the remainder when 162 is divided by 24.
18
Calculate the remainder when 378 is divided by 121.
15
Calculate the remainder when 79 is divided by 17.
11
Calculate the remainder when 563 is divided by 28.
3
Calculate the remainder when 710 is divided by 14.
10
Calculate the remainder when 405 is divided by 37.
35
What is the remainder when 1088 is divided by 91?
87
What is the remainder when 15774 is divided by 34?
32
Calculate the remainder when 180 is divided by 43.
8
Calculate the remainder when 193 is divided by 33.
28
What is the remainder when 265 is divided by 19?
18
Calculate the remainder when 46 is divided by 28.
18
Calculate the remainder when 3718 is divided by 62.
60
Calculate the remainder when 30 is divided by 4.
2
Calculate the remainder when 2545 is divided by 9.
7
Calculate the remainder when 12608 is divided by 65.
63
What is the remainder when 211 is divided by 54?
49
What is the remainder when 437 is divided by 119?
80
Calculate the remainder when 239 is divided by 82.
75
Calculate the remainder when 1086 is divided by 90.
6
Calculate the remainder when 1188 is divided by 119.
117
What is the remainder when 2290 is divided by 232?
202
What is the remainder when 663 is divided by 170?
153
What is the remainder when 139 is divided by 10?
9
Calculate the remainder when 4148 is divided by 95.
63
What is the remainder when 454 is divided by 30?
4
What is the remainder when 110 is divided by 62?
48
What is the remainder when 176 is divided by 24?
8
Calculate the remainder when 184 is divided by 57.
13
Calculate the remainder when 544 is divided by 5.
4
Calculate the remainder when 1116 is divided by 328.
132
Calculate the remainder when 221 is divided by 32.
29
What is the remainder when 2772 is divided by 45?
27
Calculate the remainder when 97 is divided by 40.
17
What is the remainder when 6320 is divided by 58?
56
Calculate the remainder when 125 is divided by 18.
17
What is the remainder when 267 is divided by 50?
17
What is the remainder when 1611 is divided by 99?
27
Calculate the remainder when 2085 is divided by 36.
33
What is the remainder when 147 is divided by 40?
27
What is the remainder when 407 is divided by 67?
5
What is the remainder when 624 is divided by 19?
16
Calculate the remainder when 51 is divided by 18.
15
Calculate the remainder when 279 is divided by 97.
85
What is the remainder when 74 is divided by 61?
13
What is the remainder when 1216 is divided by 10?
6
What is the remainder when 194 is divided by 39?
38
Calculate the remainder when 72 is divided by 56.
16
Calculate the remainder when 414 is divided by 118.
60
What is the remainder when 74 is divided by 2?
0
What is the remainder when 388 is divided by 8?
4
Calculate the remainder when 133 is divided by 31.
9
What is the remainder when 248 is divided by 22?
6
Calculate the remainder when 732 is divided by 171.
48
What is the remainder when 32 is divided by 3?
2
What is the remainder when 2097 is divided by 25?
22
What is the remainder when 5173 is divided by 45?
43
What is the remainder when 117 is divided by 15?
12
Calculate the remainder when 177 is divided by 97.
80
Calculate the remainder when 52 is divided by 16.
4
What is the remainder when 1080 is divided by 16?
8
Calculate the remainder when 169 is divided by 18.
7
Calculate the remainder when 656 is divided by 93.
5
Calculate the remainder when 48 is divided by 14.
6
What is the remainder when 263 is divided by 14?
11
Calculate the remainder when 73 is divided by 33.
7
Calculate the remainder when 171 is divided by 141.
30
Calculate the remainder when 2513 is divided by 35.
28
Calculate the remainder when 122 is divided by 19.
8
What is the remainder when 66 is divided by 60?
6
Calculate the remainder when 429 is divided by 48.
45
Calculate the remainder when 191 is divided by 12.
11
What is the remainder when 344 is divided by 68?
4
What is the remainder when 1557 is divided by 15?
12
What is the remainder when 281 is divided by 246?
35
What is the remainder when 182 is divided by 66?
50
What is the remainder when 932 is divided by 136?
116
Calculate the remainder when 677 is divided by 30.
17
Calculate the remainder when 55 is divided by 19.
17
What is the remainder when 3553 is divided by 137?
128
Calculate the remainder when 470 is divided by 54.
38
What is the remainder when 1051 is divided by 64?
27
What is the remainder when 59 is divided by 13?
7
What is the remainder when 339 is divided by 131?
77
What is the remainder when 444 is divided by 64?
60
What is the remainder when 204 is divided by 65?
9
What is the remainder when 350 is divided by 177?
173
What is the remainder when 11749 is divided by 13?
10
What is the remainder when 1042 is divided by 166?
46
Calculate the remainder when 1264 is divided by 319.
307
What is the remainder when 1775 is divided by 148?
147
Calculate the remainder when 4121 is divided by 133.
131
Calculate the remainder when 645 is divided by 6.
3
What is the remainder when 2861 is divided by 3?
2
What is the remainder when 245 is divided by 19?
17
What is the remainder when 120 is divided by 29?
4
What is the remainder when 1571 is divided by 15?
11
What is the remainder when 4025 is divided by 33?
32
Calculate the remainder when 834 is divided by 35.
29
Calculate the remainder when 1498 is divided by 126.
112
What is the remainder when 775 is divided by 30?
25
Calculate the remainder when 43 is divided by 28.
15
What is the remainder when 98 is divided by 32?
2
Calculate the remainder when 186 is divided by 90.
6
What is the remainder when 1173 is divided by 354?
111
Calculate the remainder when 1326 is divided by 10.
6
What is the remainder when 64 is divided by 32?
0
What is the remainder when 113 is divided by 70?
43
Calculate the remainder when 3545 is divided by 197.
196
Calculate the remainder when 171 is divided by 11.
6
What is the remainder when 1308 is divided by 23?
20
What is the remainder when 20874 is divided by 58?
52
Calculate the remainder when 9076 is divided by 34.
32
Calculate the remainder when 147 is divided by 20.
7
What is the remainder when 137 is divided by 40?
17
What is the remainder when 44 is divided by 39?
5
Calculate the remainder when 132 is divided by 28.
20
Calculate the remainder when 374 is divided by 76.
70
What is the remainder when 2059 is divided by 1024?
11
Calculate the remainder when 202 is divided by 200.
2
What is the remainder when 71198 is divided by 20?
18
What is the remainder when 11512 is divided by 101?
99
What is the remainder when 179 is divided by 10?
9
What is the remainder when 3386 is divided by 309?
296
What is the remainder when 223 is divided by 2?
1
What is the remainder when 1085 is divided by 11?
7
Calculate the remainder when 402 is divided by 27.
24
Calculate the remainder when 260 is divided by 33.
29
Calculate the remainder when 5144 is divided by 105.
104
Calculate the remainder when 4140 is divided by 47.
4
Calculate the remainder when 572 is divided by 20.
12
Calculate the remainder when 4184 is divided by 13.
11
What is the remainder when 43458 is divided by 13?
12
Calculate the remainder when 2601 is divided by 1299.
3
What is the remainder when 430 is divided by 144?
142
What is the remainder when 77 is divided by 5?
